actors of d?
2, 3
Let f be -2*(1/8*4 - 2). Suppose -g - 199 = -2*j, -f*j + g + 148 = -152. What are the prime factors of j?
101
Let h = 1267 - 494. What are the prime factors of h?
773
Suppose -26 = -4*d + 174. Let z = d + -14. List the prime factors of z.
2, 3
Suppose 2*n - 25 = 5*b - 0*b, -5*n + 4*b + 88 = 0. Suppose 0 = -26*k + n*k + 1692. What are the prime factors of k?
2, 3, 47
Let l(y) = 3*y**2 + 9*y - 12. Let k be l(8). Let h = 542 - k. Suppose -4*g - 82 = -h. List the prime factors of g.
2, 13
Let y = 7159 + -4772. What are the prime factors of y?
7, 11, 31
Suppose 0 = -3*r - 4*v + 110, 0 = -5*r + v + 25 + 143. Let l(n) = 33*n**2 + 7*n - r*n**2 + 0*n + 3. List the prime factors of l(6).
3
Suppose 663 + 113 = 8*s. List the prime factors of s.
97
Let a(h) = h**2 - h + 39. What are the prime factors of a(-18)?
3, 127
Suppose 4*b = -16, -2*l + b + 105 = -39. Suppose -4*c + l = -2*c. List the prime factors of c.
5, 7
Let n be 25*(13/(-5) + 3). Suppose -n*b + 8*b = 3*s - 219, 3*b = 0. What are the prime factors of s?
73
Suppose -4*y = 4*i - 3 - 13, i = 4*y + 4. Suppose -4*c + 5*a = -y*a - 281, 3*c - 4*a = 211. List the prime factors of c.
3, 23
Suppose -2*x + 45 = 3*x. Suppose -x*h + 8*h = -11. Suppose -3*f = j + j - 44, -5*j = 2*f - h. What are the prime factors of f?
2, 3
Suppose 0 = -7*c + 14*c - 259. Let h = c + -23. List the prime factors of h.
2, 7
Suppose -13*w + 9790 = -168. What are the prime factors of w?
2, 383
Let x(c) = -86*c - 3. Let t be x(-3). Suppose m - t = -4*m. What are the prime factors of m?
3, 17
Suppose 3*w + f = -7, -3*w - 2*f = -0*f + 5. Let a be w - 1/(-3)*-3. What are the prime factors of (-11 + -1)*7/a?
3, 7
Let a(u) = -3*u - 26. Let f be a(-9). Let d = f + 11. List the prime factors of d.
2, 3
Suppose 0 = -3*g - 5*h + 14, -5*h = -g - h - 1. Suppose -2*i - g*y + 109 + 52 = 0, 3*y - 325 = -4*i. What are the prime factors of i?
2, 41
Let p = -34 - -11. Let d = p + 128. Suppose 0 = -4*t - t + d. What are the prime factors of t?
3, 7
Let x(a) = 10*a + 28. Let w be x(-10). Let d = 39 - w. What are the prime factors of d?
3, 37
Let g = -14 - -35. Suppose -m + g = -0*m. What are the prime factors of m?
3, 7
Suppose 11*d - 8 = 9*d. List the prime factors of 73*(d + (-2 - 0)).
2, 73
Suppose -2*t = -506 + 478. Suppose 4 = 5*l - u - 6, -5*u - 24 = l. List the prime factors of t/(l/(1/1)).
2, 7
Let z(u) = -u**3 - 11*u**2 + u + 11. Let i be z(-11). Suppose -4*f + i*f = -304. List the prime factors of f.
2, 19
Let c(w) = 13*w - 31*w**3 + 10*w**3 - 36 + 20*w**3 + 8*w**2. What are the prime factors of c(8)?
2, 17
Let w be (1 - 4) + 3 + 0. Suppose -3*u = -3*l - 276, 0 = 5*l + 25 - w. What are the prime factors of u?
3, 29
Let r(f) = -14*f**3 - 23*f**2 + 38*f + 1. Let p(m) = -5*m**3 - 8*m**2 + 13*m. Let i(z) = -11*p(z) + 4*r(z). What are the prime factors of i(-7)?
2, 11
Let u be ((-14)/(-6) - (-14)/21) + 19. Let x = 9 + u. What are the prime factors of x?
31
Suppose 5 = 2*b - 1, 0 = -2*k + 5*b + 49. Let f = k + -27. Suppose -7 + 4 = n, -5*x + f*n + 145 = 0. List the prime factors of x.
2, 13
What are the prime factors of 5/((-3676)/1848 - -2)?
2, 3, 7, 11
Suppose 798 = 4*z + 2*o - 0*o, 3*o + 783 = 4*z. Suppose 57*l = 54*l + z. What are the prime factors of l?
2, 3, 11
Suppose 4 = -k + 9. Let n = -7 + k. What are the prime factors of (-25 + n)/(-2 - -1)?
3
Let o be (-32)/(-2)*-6*4/(-24). Suppose 14*q = o*q - 202. List the prime factors of q.
101
Suppose 0 = 4*x - 348 - 40. Let i = 42 + x. What are the prime factors of i?
139
Suppose 0 = -f + 3*f. Let b(k) = f + 9*k - 14*k - 1. What are the prime factors of b(-6)?
29
Let t be (0 - 4)/(-4)*2. Suppose -5*w + 589 = -3*s, t*w = -5*s + 4*s + 229. Let d = 176 - w. What are the prime factors of d?
2, 3, 5
Suppose -2*g + 2*c = -8, 5*c = 2*g - 3*g + 16. Let w(y) = 6*y**2 - 3*y - 3. What are the prime factors of w(g)?
3, 5, 13
Let h be (0 + 1)/(1/3). Suppose 0 = h*u - 16 - 59. What are the prime factors of u?
5
Let f(u) = -14*u + 1. Let y(t) = -2*t - 1 + 0*t**2 + 2*t**2 + 2*t**2 - 3*t**2. Let s be y(2). What are the prime factors of f(s)?
3, 5
Suppose 39*z - 11023 - 4616 = 0. What are the prime factors of z?
401
Let j = 381 + 158. List the prime factors of j.
7, 11
Suppose 3*g + 2192 = 2*j, -1444 = 5*j - 3*g - 6906. What are the prime factors of j?
2, 5, 109
Let x(r) = -r**3 - 10*r**2 - 24*r + 19. List the prime factors of x(-11).
2, 101
Suppose -5*t - 3 = -3*z - z, 0 = -5*z - t + 11. List the prime factors of -6*z/4*(-260)/12.
5, 13
Suppose 2*b = -y + 931, 2*b = 4*y + 4*b - 3724. List the prime factors of y.
7, 19
Let i(p) = 2*p**2 + 6*p + 26. Let u(d) = -d**3 - 8*d**2 + 36*d + 20. Let w be u(-11). What are the prime factors of i(w)?
2, 11, 13
Let f = -4 + -1. Let x = -7 - f. List the prime factors of x*(2 - 28/8).
3
Suppose f - r - 214 - 348 = 0, -3*f + 1726 = 5*r. What are the prime factors of f?
3, 7
Let t(i) be the first derivative of i**4/4 + 14*i**3/3 + 7*i**2 - 17*i - 3. List the prime factors of t(-12).
103
Let g(z) = -z**2 - 16*z + 3. Suppose 11*s + 11 = 10*s. List the prime factors of g(s).
2, 29
Suppose 0 = -k - 0*k + 261. Let c = k - 158. List the prime factors of c.
103
Let l = 1682 - 1198. Let c be l/8 + (-3)/(-2). Suppose 3*z + r - 3*r = c, 0 = -4*z - 2*r + 78. List the prime factors of z.
2, 5
Let b(a) be the third derivative of -17*a**4/24 - a**2. Let x be b(-6). Suppose -3*t - x = -4*s, -t - 74 = -6*s + 3*s. List the prime factors of s.
2, 3
Let v(j) = 76*j + 56. What are the prime factors of v(2)?
2, 13
Suppose u - 11*u + 1610 = 0. List the prime factors of u.
7, 23
Suppose 157 + 158 = 5*o. List the prime factors of (-7)/(o/(-30))*18.
2, 3, 5
Suppose -67*t - 12470 = -69*t - 2*l, -2*t - 4*l = -12464. List the prime factors of t.
2, 3119
Let h(v) = -40*v + 336. List the prime factors of h(-30).
2, 3
Suppose 0 = -4*s + 8, 2*i - 3*s + 23 = -307. Let l = -74 - i. List the prime factors of l.
2, 11
Suppose 0 = -3*n + 5*d + 1040, -3*n - d = -2*n - 336. List the prime factors of n.
2, 5, 17
Suppose 0 = -10*z + 624 + 916. List the prime factors of z.
2, 7, 11
Let c = -2269 - -6037. What are the prime factors of c?
2, 3, 157
Let d(c) = c**2 - 6*c + 6. Let x be d(5). Let u(o) = 2*o**3 + o**2 - o + 1. Let k be u(x). Let w(f) = 5*f**2 - f + 2. List the prime factors of w(k).
2, 11
List the prime factors of (-12 + -1350)*(3 - (-40)/(-12)).
2, 227
Let k(l) be the second derivative of -l**3/3 + 3*l**2 + 3*l. What are the prime factors of k(-9)?
2, 3
Suppose 4*b - 2390 = -68*l + 67*l, 9509 = 4*l - b. What are the prime factors of l?
2, 29, 41
Let b = 23 + -20. What are the prime factors of b/((-57)/(-18) + -3)?
2, 3
Let u(z) = -18*z - 1. Let q be u(-1). Suppose -8*a = -q*a + 828. What are the prime factors of a?
2, 23
Let j(m) = -m**3 + 13*m**2 + 8. Let b be j(13). Suppose 6*g = b*g - 312. Suppose -2*t - 2*t = -g. What are the prime factors of t?
3, 13
Let b(z) = 22*z - 9. Let r be b(-7). What are the prime factors of 38/285 + r/(-15)?
11
Suppose -82*g + 152 = -4358. What are the prime factors of g?
5, 11
Let b be -1 - (-20)/8*10. Suppose b - 30 = -2*f. Suppose 2*t = f*t - 76. What are the prime factors of t?
2, 19
List the prime factors of (1*-1 + 0)*(-3 + -119).
2, 61
Let g = 124 - 80. Suppose 363 = 3*n - y, 205 + g = 2*n - 3*y. What are the prime factors of (18/15)/(9/n)?
2
Let y(d) = 2*d**3 + d**2 + d - 102. Let k be y(0). What are the prime factors of k/4*(-16)/6?
2, 17
Let k = -5 + 7. Let y be ((-4)/(-3))/(k/9). List the prime factors of (8/y)/(26/429).
2, 11
Let t(f) = -54*f + 118. List the prime factors of t(-21).
2, 313
Let k = 21 - 18. Suppose -k*c + 9 = 0, 126 = -4*p - 3*c + 759. What are the prime factors of p?
2, 3, 13
Let v be (4 + 0)*1*1*18. Suppose c = -c + v. What are the prime factors of c?
2, 3
Let x(s) = s**2 - s + 9. Let y be x(-3). What are the prime factors of (511/y)/(2/6)?
73
Suppose 154 = -6*t - 194. Let a = 111 + t. What are the prime factors of a?
53
Let f(v) = 25*v + 4. Suppose -5*u - 2*d = -14, 12 + 12 = 3*u - 4*d. List the prime factors of f(u).
2, 13
Let w(b) = 26 - 13*b + 2*b**2 - 1 - 3*b + 5*b. List the prime factors of w(9).
2, 11
Suppose -18136 = 278*s - 286*s. What are the prime factors of s?
2267
Suppose 3*x - 4 = x. Suppose -x*d + a - 3*a = -19